osite?
True
Suppose f + 17*f = -f. Suppose 32*w - 13*w - 403009 = f. Is w a composite number?
False
Let i(u) = -159*u**3 + 14*u**2 - 4*u - 214. Is i(-9) prime?
True
Suppose -5*o + 110532 = -40*m + 42*m, -5*o + 110535 = 5*m. Is 4 - (o/(-56))/(1/4) a prime number?
True
Suppose 0 = -17*o - 398 - 316. Is (-4)/(-14) - 91632/o prime?
False
Suppose -5*j - 2*c + 1193 = 0, 4*j = -5*c - 115 + 1066. Let t be ((-256)/48)/(1/(-3)). Let p = j - t. Is p a composite number?
False
Suppose -2*p + i + i - 6 = 0, 4*p + 4*i = 4. Let q(z) = -307*z**3 - z**2 - 3*z - 2. Is q(p) prime?
True
Let s be 3 + (-3 - (-42)/6). Suppose -s*z + 90035 = -2*z. Is z composite?
True
Suppose 0 = 30*g - 21*g - 28862 - 19585. Is g a prime number?
False
Let t(z) = z**2 - 4*z + 11. Let x be t(6). Suppose 3*o + x = 35. Suppose -1427 = -2*v - 5*w, v + 2128 = o*v + 5*w. Is v prime?
True
Suppose -36484 = -5*g - i + 17243, 3*i + 42974 = 4*g. Let v = 31032 - g. Is v a composite number?
False
Let o be 10/(((-6)/36)/((-166)/4)). Suppose -5*r + o = 5*p, 2*p = -3*r + 775 + 720. Is r a prime number?
True
Let a(r) be the first derivative of 199*r**3/3 + 7*r**2/2 - 7*r - 2. Is a(4) a composite number?
True
Suppose -3*z = 5*v - 797, 3*v - 260 = 2*z + 203. Suppose 0 = v*a - 159*a + 3154. Is a a composite number?
True
Let d(l) be the second derivative of -16*l + 0 + 1/2*l**3 - 1/2*l**2 + 1/20*l**5 - 1/3*l**4. Is d(6) a prime number?
True
Let i = 103134 - -228905. Is i prime?
True
Let o(s) = 2*s**3 - 2*s**2 + s + 3. Let t be o(3). Let l = -903 + t. Let q = 212 - l. Is q a composite number?
True
Let i be (-2)/(-11) - 616250/(-319). Let x = i + -275. Is x prime?
True
Suppose 0*u - 5*x = 3*u - 11621, 2*x = 2*u - 7758. Let f(c) = -c**2 + 11*c + 5. Let a be f(11). Suppose a*i - u - 2848 = 0. Is i a composite number?
True
Let g be (-81)/6*(24/(-9) - -2). Suppose g*v - 3724 = 398. Suppose v = -w + 1245. Is w composite?
False
Let a = -600207 + 958688. Is a composite?
True
Let a be (4 + (-1170)/(-8))/(6/24). Let s be (-1 + -259)*(-2)/(-2). Let z = a + s. Is z a prime number?
False
Let c = 70229 + -47308. Is c prime?
True
Let f(v) = -6*v. Let j be f(4). Suppose -87 = 34*s + 49. Is (-2609)/s + 126/j + 6 a composite number?
False
Suppose -4*b + 570364 = 4*f, -2*b + 51 - 47 = 0. Is f composite?
False
Suppose 0 = 3*p - 2*p - 12. Let c be 2/(-12) + 3758/p. Let t = 524 - c. Is t prime?
True
Suppose 4*d - 30 = 10. Suppose 0 = 7*z - 3*z - 12. Suppose 4*q - z*w = w + 1676, 5*w = -d. Is q a prime number?
False
Is (-244593)/(-9)*6/18 a composite number?
False
Suppose 0 = 892*p - 1189*p + 261534933. Is p a prime number?
True
Suppose -894*m = -1011*m + 31087251. Is m a composite number?
False
Let o(r) = 1257*r**2 + 2*r - 254. Is o(23) a composite number?
True
Let c(l) = 399*l**3 + 7*l**2 + 2*l + 29. Is c(8) a prime number?
True
Let j(m) be the second derivative of 723*m**4/4 - m**3/2 + m**2/2 + 5*m. Is j(-1) a composite number?
True
Suppose -10*l - a = -6*l - 3627, -3*a - 3647 = -4*l. Suppose -l*d - 8962 = -909*d. Is d a prime number?
False
Let t(l) = -4265*l - 979. Is t(-6) a prime number?
True
Let g(d) = -3*d - 14. Let y be g(-8). Suppose n - 17 = -y. Let t = n - 1. Is t composite?
True
Let x = -308939 + 467638. Is x prime?
True
Let p = 13672 - -1160. Suppose -5*i + i = 2*m - 59284, -5*m = -i + p. Is i prime?
False
Suppose -36*x - 6032 = -2774684. Is x a prime number?
True
Suppose -u + 3*r + 4910 - 236 = 0, 5*u - 5*r = 23380. Suppose -5*m = j - 7802, -20*m + 17*m = 2*j - u. Is m a prime number?
False
Let u(g) = g**2 + 17*g - 26. Let i be u(-17). Let c = i - -26. Suppose c = -3*a + 7*a - 740. Is a a prime number?
False
Let x(p) = -34*p**2 - 1656*p - 3. Is x(-47) a composite number?
True
Let b(f) = 2*f**3 + f**2 - 21*f - 4. Let h be b(4). Is 542468/28 + (-48)/h composite?
False
Let t = 2908 + 34365. Is t prime?
True
Suppose -35338631 = -200*b + 1997969. Is b prime?
False
Suppose 27*b - 20*b = 9499. Let q = b - 950. Is q a composite number?
True
Suppose 0 = 115*b - 7984731 + 2785696. Is b prime?
False
Let q = -1025 + 632. Let m be (-1)/(390/q + 1). Let c = 164 - m. Is c composite?
True
Suppose 84669 = -1141*t + 1144*t. Let v = t - -12128. Is v a composite number?
False
Let x be (39/6 - 2)*(-6)/(-9). Suppose 0 = -x*a + 3*k - 3, 4*a = 2*a - 2*k + 14. Suppose a*v - 715 = -2*p + 38, 5*p = -3*v + 1896. Is p a prime number?
False
Let d(g) = -60*g + 62. Let x be d(22). Is 1/(-4)*(x - -2) composite?
True
Suppose -2*l = -4*p + 10, 16 = 2*p + 2*p - 4*l. Suppose 3*n + o - p = 2*n, 0 = 3*n - 3*o + 3. Suppose 22*q - 20*q - 3262 = n. Is q a composite number?
True
Suppose -4*w + 92 = 84. Suppose 5*o = 4*z + 1340, -3*o = -0*o - w*z - 804. Suppose m = o + 261. Is m composite?
True
Suppose -3*y + 5*l + 4 = -0*y, 3*y - 6 = 3*l. Let n be -2 + (0 + y)/3 + 1268. Suppose f - 621 = -2*s, 6*f - 4*f = s + n. Is f a composite number?
False
Suppose -5*z + 118*f = 123*f - 1034525, -4*z + 827624 = 3*f. Is z composite?
False
Let f = 66 - 118. Let q = f - 295. Let s = q + 930. Is s a prime number?
False
Let d = 11263 + -6693. Suppose 3*v + 0*v + i = 6859, 2*v - d = -2*i. Is v composite?
False
Let x = 573 - -1397. Suppose -n = 2*d - 5*n - x, 993 = d + 2*n. Is d prime?
False
Let t be -3 - 2497*(-9 - (-3 - -1)). Suppose t + 33792 = 4*j. Is j prime?
False
Suppose -21*g - 46*g + 759903 = 26*g. Is g prime?
True
Suppose 0 = -2*t + i + 85, t + i = -0*i + 41. Let g = t + -70. Is (-1212)/g + (-6)/21 prime?
True
Let p(q) = 310*q**2 - 8*q + 11. Let b be p(4). Suppose -20*j - b = -21*j. Is j a composite number?
True
Let u be (-4)/6 - (-130)/(-30). Is -5 + 15/u + 6495 a prime number?
False
Let l(b) = 111*b - 30. Let d be l(12). Let o = 1871 - d. Let h = o + -252. Is h prime?
True
Let q(i) = -251*i - 22. Let b(f) = 253*f + 24. Let s(t) = 4*b(t) + 3*q(t). Is s(11) composite?
False
Let y(s) = 6*s**3 + 2*s**2 - 12*s + 11. Suppose -4*c + 2*p + 50 = -52, -3 = 3*p. Suppose 4*q + 0*x = x + c, -5*x - 30 = -q. Is y(q) a composite number?
False
Let y be (-5 - 68/(-12))*-3. Let b(q) = 145*q**2 - q + 1. Is b(y) composite?
True
Suppose 5*t = -4*o - 2364 - 11116, -6746 = 2*o + t. Let k = o + 5742. Suppose 0 = -5*q - 3*h + 3929, q - 4*q + 3*h + k = 0. Is q a composite number?
False
Let j(u) = 11*u**2 - 34*u - 111. Let r be j(23). Suppose 2*n - 5132 = -2*a, 0 = 5*n + 4*a + r - 17753. Is n a composite number?
True
Let y be (-1)/(((-24)/(-100))/6). Let f be (220/y)/((-2)/(-35)). Is (-4)/22 - 19586/f prime?
True
Let y(n) be the first derivative of -13*n**2/2 + 14*n - 91. Let s be (1/2)/(2/(-32)). Is y(s) composite?
True
Let n(a) be the second derivative of a**5/20 + 19*a**4/12 + a**3/3 - 4*a**2 + 2*a. Let t be n(-14). Suppose -4*x - 100 = -t. Is x a composite number?
False
Let c(p) = 0*p - 4*p**2 + 17 - 3*p**3 + 4*p**3 + 7*p**2 - 7*p. Let t be c(-5). Suppose 154 = t*x - 592. Is x composite?
False
Suppose -2*p - 4 = 3*f, -p + 2 = -4*f + 4. Let k be (1 + p)/(22/(-1144)). Let v = 75 + k. Is v a composite number?
False
Suppose -m + 56*q - 61*q = -748, 4*q - 8 = 0. Suppose 10*p = m + 2882. Is p prime?
False
Let p be (-1140 - (0 - 5))*(-1 - 0). Let o = 3723 - p. Suppose 0 = s - 3*s + o. Is s prime?
False
Let l(u) = u**3 + 25*u**2 - u - 21. Let j be l(-25). Suppose 2*a + n = 3781, 3*a - 3*n = j*a - 1898. Is a a composite number?
False
Let w = 336565 - 220416. Suppose -11*c + w = -0*c. Is c composite?
False
Let t = 9 + -2. Let c = -521 + 771. Suppose -t*y + 345 = -c. Is y composite?
True
Let t = 22 + -3. Suppose -125 = t*c + 160. Is (-9400)/(-6) - (1 - (-20)/c) prime?
True
Suppose -2*d + 15 = -0*d - 5*q, q = d. Let p(u) = 259*u**2 + 4*u + 3. Is p(d) a prime number?
False
Suppose -178*z - 4059814 = -200*z. Is z a prime number?
False
Suppose 20 = 9*o - 4*o. Suppose 0*b = -o*b + 13964. Is b a prime number?
True
Let l(t) = -t**3 - 6*t**2 - 12*t - 32. Let z be l(-5). Suppose -13*u + z*u = -82510. Is u composite?
True
Suppose -4*d = 4*t - 1012, 38*t = -4*d + 42*t + 1004. Suppose -n = 5*o - 801, -3*n + d + 2071 = -5*o. Is n a composite number?
True
Suppose 0 = -4*g + 2*y - 54, -20 = -y - 3*y. Let h(l) = -10*l - 33 + 19 + 38. Is h(g) prime?
False
Let k(w) = -w - 11. Let p be k(-11). Suppose p = -4*a + 18 + 14. Is 29*12/a*2 composite?
True
Let s be 32/12*(-10 + 4). Let c(i) = i**2 - 6*i + 27. Is c(s) com